e 11) to base 15.
-110
What is 2 (base 14) in base 6?
2
What is -3 (base 6) in base 8?
-3
-2 (base 9) to base 3
-2
What is 44 (base 8) in base 7?
51
What is -4 (base 8) in base 4?
-10
What is 130 (base 9) in base 10?
108
Convert -2 (base 4) to base 12.
-2
25 (base 8) to base 2
10101
Convert 19 (base 13) to base 6.
34
Convert 57 (base 13) to base 5.
242
7 (base 12) to base 16
7
Convert -14 (base 9) to base 11.
-12
What is 163 (base 7) in base 15?
64
-4 (base 12) to base 15
-4
Convert 130 (base 4) to base 10.
28
2 (base 16) to base 5
2
Convert 25 (base 14) to base 5.
113
What is -4 (base 14) in base 7?
-4
What is -112 (base 11) in base 8?
-206
What is 1 (base 10) in base 15?
1
What is 207 (base 8) in base 12?
b3
Convert -103 (base 4) to base 13.
-16
Convert -5 (base 9) to base 6.
-5
-6 (base 10) to base 6
-10
-6 (base 7) to base 10
-6
Convert 3 (base 9) to base 7.
3
Convert -4 (base 11) to base 2.
-100
What is -10 (base 2) in base 7?
-2
345 (base 10) to base 15
180
What is 26 (base 15) in base 13?
2a
5 (base 16) to base 2
101
What is -321 (base 6) in base 15?
-81
139 (base 14) to base 12
187
Convert 11 (base 2) to base 13.
3
Convert -1 (base 6) to base 9.
-1
304 (base 5) to base 16
4f
44 (base 12) to base 5
202
-12 (base 5) to base 14
-7
-7 (base 9) to base 6
-11
Convert 1102 (base 3) to base 2.
100110
Convert 0 (base 3) to base 7.
0
45 (base 6) to base 12
25
Convert 5 (base 9) to base 14.
5
Convert 3 (base 8) to base 12.
3
217 (base 9) to base 2
10110010
8 (base 15) to base 5
13
What is 102 (base 4) in base 2?
10010
Convert -11 (base 3) to base 5.
-4
-1101011 (base 2) to base 6
-255
Convert b8 (base 12) to base 2.
10001100
Convert 34 (base 15) to base 12.
41
Convert 90 (base 10) to base 8.
132
What is 200 (base 12) in base 9?
350
2 (base 6) to base 9
2
17 (base 14) to base 15
16
11 (base 2) to base 6
3
What is -4 (base 13) in base 8?
-4
-33 (base 12) to base 6
-103
What is 3 (base 4) in base 10?
3
50 (base 7) to base 12
2b
Convert -2 (base 12) to base 5.
-2
Convert -43 (base 11) to base 13.
-38
Convert 14 (base 12) to base 5.
31
What is -41 (base 10) in base 15?
-2b
What is 1 (base 9) in base 8?
1
Convert 86 (base 13) to base 8.
156
What is 4 (base 16) in base 2?
100
2 (base 12) to base 7
2
-124 (base 5) to base 3
-1110
What is 3 (base 12) in base 4?
3
31 (base 14) to base 10
43
Convert 27 (base 14) to base 15.
25
Convert 10 (base 5) to base 14.
5
What is -1 (base 4) in base 16?
-1
Convert -246 (base 8) to base 4.
-2212
0 (base 11) to base 12
0
Convert -1 (base 2) to base 9.
-1
What is 105 (base 7) in base 8?
66
Convert 4 (base 13) to base 10.
4
What is 1ac (base 15) in base 13?
23a
-10 (base 3) to base 9
-3
Convert 31 (base 11) to base 14.
26
Convert a (base 14) to base 7.
13
What is 20 (base 6) in base 15?
c
What is 2 (base 12) in base 7?
2
What is 31 (base 5) in base 4?
100
-13 (base 5) to base 2
-1000
Convert 3c (base 14) to base 5.
204
Convert -4 (base 8) to base 14.
-4
What is 10000 (base 2) in base 14?
12
What is -5 (base 16) in base 11?
-5
Convert 11 (base 16) to base 11.
16
What is -31 (base 7) in base 15?
-17
11 (base 2) to base 13
3
What is -2 (base 6) in base 13?
-2
What is -2 (base 6) in base 5?
-2
7 (base 8) to base 3
21
7 (base 8) to base 2
111
Convert -ba (base 12) to base 11.
-11a
Convert -4 (base 12) to base 8.
-4
Convert 11 (base 13) to base 10.
14
37 (base 10) to base 7
52
Convert 10 (base 5) to base 3.
12
What is -20 (base 5) in base 3?
-101
What is 111 (base 2) in base 3?
21
0 (base 7) to base 11
0
Convert -8 (base 15) to base 11.
-8
What is -1 (base 13) in base 10?
-1
What is -90 (base 14) in base 16?
-7e
What is 4 (base 16) in base 10?
4
What is b (base 16) in base 6?
15
Convert -39 (base 15) to base 6.
-130
What is 10 (base 3) in base 8?
3
197 (base 13) to base 15
148
What is 10 (base 8) in base 10?
8
Convert 1 (base 16) to base 6.
1
What is -106 (base 9) in base 5?
-322
-44 (base 13) to base 15
-3b
What is -7 (base 8) in base 4?
-13
-1 (base 14) to base 4
-1
-3 (base 12) to base 13
-3
Convert b (base 16) to base 10.
11
2 (base 10) to base 15
2
54 (base 9) to base 12
41
Convert 4 (base 16) to base 7.
4
What is 44 (base 15) in base 16?
40
c (base 13) to base 7
15
What is 1021 (base 3) in base 6?
54
-3130 (base 4) to base 2
-11011100
What is 22 (base 12) in base 7?
35
What is -11 (base 2) in base 5?
-3
Convert 10 (base 3) to base 4.
3
What is 1021 (base 4) in base 10?
73
What is 224 (base 7) in base 9?
138
Convert -20 (base 13) to base 16.
-1a
Convert -51 (base 6) to base 16.
-1f
Convert 8 (base 14) to base 12.
8
Convert -53 (base 12) to base 9.
-70
Convert -45 (base 10) to base 12.
-39
Convert -66 (base 9) to base 7.
-114
Convert 232 (base 9) to base 8.
277
What is -1000000 (base 2) in base 6?
-144
Convert -2310 (base 4) to base 12.
-130
Convert 0 (base 15) to base 4.
0
What is 3 (base 15) in base 14?
3
Convert -5 (base 11) to base 2.
-101
47 (base 8) to base 2
100111
Convert 0 (base 14) to base 13.
0
What is -8 (base 11) in base 16?
-8
What is -12 (base 13) in base 2?
-1111
What is -12 (base 11) in base 13?
-10
Convert 2 (base 14) to base 4.
2
Convert 38 (base 13) to base 12.
3b
What is 1 (base 4) in base 15?
1
Convert 6d (base 15) to base 5.
403
Convert -41 (base 9) to base 12.
-31
Convert 2 (base 4) to base 11.
2
What is 30 (base 5) in base 7?
21
Convert -7 (base 12) to base 9.
-7
-1011 (base 2) to base 3
-102
-100 (base 4) to base 8
-20
Convert 140 (base 15) to base 10.
285
Convert 101 (base 7) to base 11.
46
Convert -3 (base 5) to base 2.
-11
What is 50 (base 11) in base 7?
106
Convert -141 (base 9) to base 7.
-226
What is 11 (base 16) in base 4?
101
Convert 23 (base 8) to base 9.
21
-210 (base 5) to base 9
-61
Convert 10 (base 4) to base 16.
4
Convert 133 (base 7) to base 8.
111
What is 0 (base 13) in base 9?
0
What is 0 (base 6) in base 8?
0
Convert 33 (base 7) to base 3.
220
What is -1000 (base 3) in base 13?
-21
Convert 22 (base 5) to base 12.
10
What is -97 (base 13) in base 11?
-103
105 (base 11) to base 15
86
What is -56 (base 9) in base 3?
-1220
Convert 2 (base 12) to base 15.
2
What is 22 (base 3) in base 10?
8
-3 (base 10) to base 7
-3
a (base 12) to base 3
101
-11 (base 8) to base 9
-10
Convert 10 (base 12) to base 16.
c
What is -5a (base 16) in base 3?
-10100
Convert -3 (base 7) to base 10.
-3
-10 (base 15) to base 2
-1111
Convert -a (base 13) to base 12.
-a
What is 9 (base 12) in base 11?
9
-73 (base 13) to base 14
-6a
23 (base 14) to base 8
37
-1 (base 7) to base 3
-1
-2 (base 5) to base 4
-2
-1 (base 11) to base 9
-1
Convert -66 (base 8) to base 2.
-110110
-81 (base 16) to base 3
-11210
What is 10312 (base 4) in base 12?
21a
What is -100 (base 3) in base 12?
-9
What is 17 (base 14) in base 7?
30
-1 (base 16) to base 3
-1
Convert -4 (base 9) to base 13.
-4
-111 (base 4) to base 12
-19
What is 10110 (base 3) in base 9?
113
Convert a6 (base 13) to base 15.
91
Convert 2 (base 10) to base 9.
2
What is -511 (base 8) in base 10?
-329
1004 (base 6) to base 16
dc
What is 25 (base 16) in base 8?
45
Convert -6 (base 8) to base 15.
-6
What is 103 (base 5) in base 4?
130
f8 (base 16) to base 2
11111000
Convert -3 (base 8) to base 4.
-3
Convert 10011 (base 2) to base 16.
13
-114 (base 6) to base 7
-64
0 (base 2) to base 10
0
-12112 (base 3) to base 5
-1044
Convert -7 (base 14) to base 6.
-11
12 (base 4) to base 14
6
What is -33 (base 4) in base 6?
-23
-22 (base 6) to base 14
-10
Convert -1f (base 16) to base 15.
-21
Convert 5 (base 8) to base 2.
101
Convert -1 (base 10) to base 11.
-1
Convert -132 (base 6) to base 8.
-70
What is -2 (base 13) in base 14?
-2
-3 (base 5) to base 8
-3
Convert -a (base 12) to base 7.
-13
Convert 2 (base 7) to base 3.
2
13 (base 4) to base 6
11
What is 1 (base 6) in base 3?
1
Convert 1 (base 12) to base 4.
1
What is 1d (base 15) in base 5?
103
What is 334 (base 7) in base 2?
10101100
Convert -83 (base 13) to base 14.
-79
What is -17 (base 9) in base 7?
-22
12 (base 8) to base 15
a
What is 9 (base 15) in base 5?
14
Convert -62 (base 10) to base 3.
-2022
Convert -5 (base 14) to base 2.
-101
Convert -100 (base 2) to base 15.
-4
What is 10 (base 2) in base 16?
2
What is -10 (base 12) in base 7?
-15
Convert 3 (base 5) to base 8.
3
Convert 19 (base 13) to base 7.
31
What is -10 (base 10) 